
-14ac
Convert 748 (base 11) to base 2.
1110000011
What is 325 (base 7) in base 11?
141
-346 (base 14) to base 15
-2d5
What is 2392 (base 10) in base 2?
100101011000
Convert -56c6 (base 13) to base 15.
-390b
-25543 (base 8) to base 10
-11107
What is -2e1 (base 15) in base 9?
-814
Convert 37747 (base 9) to base 12.
12844
-1858 (base 15) to base 8
-12212
Convert 416 (base 9) to base 14.
1a3
What is -62a (base 12) in base 6?
-4054
13a8 (base 12) to base 11
17a0
-2638 (base 14) to base 7
-25401
670 (base 9) to base 7
1413
What is -101001201 (base 3) in base 12?
-42b4
Convert -2ac8 (base 14) to base 3.
-101110101
10001010010100 (base 2) to base 11
6718
3020003 (base 4) to base 16
3203
What is -2009 (base 14) in base 4?
-1111321
What is -1325 (base 7) in base 12?
-365
What is 112122 (base 4) in base 7?
4116
What is -266442 (base 7) in base 3?
-2120000010
What is -24c (base 16) in base 14?
-300
-3270 (base 11) to base 9
-5821
Convert -12 (base 4) to base 14.
-6
What is -10100110001 (base 2) in base 10?
-1329
What is 851 (base 10) in base 2?
1101010011
Convert -5e7 (base 16) to base 6.
-10555
What is 20 (base 6) in base 13?
c
11c (base 13) to base 10
194
What is 311 (base 16) in base 12?
555
What is a25 (base 13) in base 14?
8ad
Convert 34540 (base 6) to base 3.
20210120
What is 1c4 (base 15) in base 16?
199
4305 (base 6) to base 10
977
Convert -b295 (base 13) to base 5.
-1242002
What is -120212 (base 3) in base 13?
-26c
What is 6733 (base 13) in base 11?
a908
What is 159a1 (base 11) in base 8?
53740
Convert -4014 (base 9) to base 8.
-5561
What is -430424 (base 5) in base 16?
-3899
Convert -43210 (base 6) to base 15.
-1b40
What is 1202132 (base 4) in base 9?
8572
Convert -4ba (base 12) to base 15.
-32d
Convert 21121010 (base 3) to base 14.
2038
Convert 25384 (base 10) to base 11.
18087
44162 (base 8) to base 15
5766
What is 1102103 (base 4) in base 14?
1cc3
Convert -3075 (base 10) to base 14.
-1199
Convert -3122 (base 5) to base 11.
-345
What is 244 (base 11) in base 13?
194
266 (base 8) to base 12
132
What is -42067 (base 8) in base 9?
-25853
Convert -3b1 (base 12) to base 4.
-20311
Convert 1203203 (base 4) to base 9.
8658
What is 160 (base 8) in base 11?
a2
7129 (base 15) to base 7
126435
Convert 861 (base 9) to base 15.
31d
What is 5003 (base 6) in base 7?
3105
-47322 (base 8) to base 7
-112554
1010002210 (base 3) to base 16
55b9
What is -463 (base 12) in base 8?
-1213
227 (base 12) to base 13
1b7
-b57 (base 12) to base 9
-2234
Convert 14474 (base 8) to base 3.
22212021
What is -d1 (base 14) in base 11?
-157
-110221101 (base 3) to base 13
-43a8
Convert -7247 (base 8) to base 5.
-110001
12101 (base 4) to base 16
191
12467 (base 9) to base 16
20d4
What is 22201 (base 6) in base 10?
3097
Convert 110111111010 (base 2) to base 12.
20a2
Convert 1241433 (base 5) to base 2.
110000000101010
-1160 (base 11) to base 15
-6b3
What is 1287 (base 16) in base 13?
220b
508 (base 16) to base 10
1288
37 (base 12) to base 8
53
What is -9aa (base 16) in base 12?
-1522
Convert 1250a (base 15) to base 6.
1130514
Convert 12021 (base 3) to base 14.
a2
640 (base 12) to base 13
552
Convert -405 (base 6) to base 16.
-95
-7c7 (base 16) to base 15
-8cb
-1981 (base 13) to base 14
-1571
What is 100 (base 4) in base 10?
16
121000221 (base 3) to base 13
5422
Convert -1143414 (base 5) to base 4.
-11103212
What is -11110111111 (base 2) in base 13?
-b97
What is 1311 (base 12) in base 2?
100001111101
Convert 110202 (base 5) to base 8.
7332
What is -42222 (base 5) in base 7?
-11125
Convert -10101110001 (base 2) to base 6.
-10241
What is -1212200 (base 3) in base 9?
-1780
What is 23213 (base 5) in base 7?
4623
What is -90a2 (base 13) in base 2?
-100110111000001
Convert 2562 (base 7) to base 10.
975
What is 1300 (base 7) in base 4?
13222
Convert 14313 (base 6) to base 16.
8e5
What is 1521 (base 15) in base 12?
2757
Convert 1111010010011 (base 2) to base 5.
222302
What is -33021 (base 5) in base 11?
-1776
What is -7804 (base 13) in base 9?
-24854
-62146 (base 8) to base 13
-b911
What is 7207 (base 9) in base 13?
2527
What is 231230 (base 4) in base 6?
21312
What is 11401 (base 9) in base 11?
57a3
Convert 32012 (base 4) to base 12.
632
What is 10 (base 13) in base 3?
111
Convert 629 (base 11) to base 7.
2131
Convert -100101111010011 (base 2) to base 12.
-b297
What is 1101011100100 (base 2) in base 11?
5199
Convert -670 (base 15) to base 10.
-1455
Convert 7382 (base 10) to base 15.
22c2
What is -4435 (base 7) in base 13?
-958
What is 220233 (base 7) in base 14?
1008a
What is 2268 (base 9) in base 3?
2022022
-53288 (base 9) to base 14
-cbaa
Convert 54144 (base 7) to base 5.
412313
4585 (base 9) to base 14
134a
Convert -22020200 (base 3) to base 5.
-143022
What is -12 (base 12) in base 6?
-22
What is -305235 (base 6) in base 12?
-1221b
Convert -445 (base 7) to base 4.
-3211
Convert -11400 (base 6) to base 2.
-11001111000
Convert 311041 (base 6) to base 9.
37087
What is 9a (base 14) in base 9?
161
Convert -2302 (base 13) to base 9.
-6647
Convert 1263 (base 16) to base 10.
4707
What is 12330 (base 8) in base 14?
1d32
1207e (base 16) to base 8
220176
Convert 4 (base 12) to base 14.
4
What is -6607 (base 10) in base 13?
-3013
Convert -1001000101 (base 2) to base 10.
-581
Convert -8b89 (base 13) to base 6.
-230300
What is 81c (base 16) in base 10?
2076
Convert 277e (base 16) to base 9.
14773
Convert 89 (base 16) to base 13.
a7
-415 (base 6) to base 3
-12202
-14555 (base 7) to base 9
-5508
7a80 (base 13) to base 4
10030111
-2a4 (base 14) to base 10
-536
-a29 (base 11) to base 8
-2331
What is 1252 (base 7) in base 3?
122201
-1000100000101000 (base 2) to base 14
-c9ba
-505164 (base 7) to base 12
-41819
What is -1034 (base 10) in base 9?
-1368
13212221 (base 4) to base 16
79a9
What is -417 (base 9) in base 12?
-244
1d1b (base 14) to base 12
30b1
93a (base 16) to base 5
33422
What is -1c50 (base 14) in base 5?
-131131
-3243 (base 8) to base 3
-2022221
-10011011101001 (base 2) to base 3
-111122221
-a160 (base 11) to base 15
-3eec
Convert 2101 (base 8) to base 14.
57b
Convert -7666 (base 10) to base 9.
-11457
-2fa (base 16) to base 14
-3c6
What is -10033120 (base 4) in base 12?
-a074
Convert -175 (base 9) to base 14.
-a9
6b9d (base 14) to base 11
13104
-3633 (base 9) to base 12
-1693
Convert -6543 (base 12) to base 13.
-50bb
Convert -313 (base 15) to base 5.
-10233
What is -9b4 (base 13) in base 7?
-4602
What is 2714 (base 9) in base 12?
121a
59d6 (base 15) to base 13
8904
Convert 64720 (base 8) to base 9.
41137
-11112 (base 9) to base 3
-101010102
21132 (base 9) to base 3
201011002
111011100100 (base 2) to base 11
2956
Convert -1535 (base 6) to base 4.
-12203
Convert -3332 (base 5) to base 8.
-723
Convert -22010 (base 3) to base 8.
-333
Convert -1011110110101 (base 2) to base 3.
-22022210
Convert -102001 (base 3) to base 14.
-174
-931 (base 16) to base 10
-2353
-6662 (base 7) to base 4
-211130
5a7 (base 13) to base 11
813
What is 110011 (base 3) in base 15?
16d
431 (base 7) to base 8
332
Convert 1b8 (base 13) to base 4.
11000
What is -107306 (base 8) in base 5?
-2132200
What is 3673 (base 9) in base 15?
c29
What is 5026 (base 8) in base 10?
2582
100101 (base 4) to base 9
1376
132 (base 15) to base 14
156
What is -12002 (base 6) in base 15?
-7a5
Convert 10100100110 (base 2) to base 8.
2446
Convert -3a07 (base 11) to base 13.
-24aa
What is 2443 (base 5) in base 10?
373
Convert 351350 (base 6) to base 8.
72722
What is 323231 (base 4) in base 6?
25405
Convert -134 (base 10) to base 12.
-b2
What is 8c2 (base 14) in base 6?
12014
486 (base 15) to base 2
10000000010
Convert -2d43 (base 16) to base 2.
-10110101000011
What is 1325025 (base 6) in base 2?
10001111111001001
-218 (base 9) to base 8
-263
Convert -2334 (base 6) to base 4.
-20302
-234433 (base 6) to base 7
-113451
3233 (base 5) to base 4
12323
Convert 126151 (base 8) to base 7.
242452
What is -16423 (base 7) in base 8?
-11100
What is -161 (base 7) in base 6?
-232
Convert -15405 (base 9) to base 10.
-10535
Convert -1240 (base 11) to base 14.
-837
What is -12202110 (base 3) in base 2?
-1000001100101
2708 (base 14) to base 7
26011
Convert -30242 (base 6) to base 15.
-12ab
Convert -111001001110 (base 2) to base 13.
-1889
-18f (base 16) to base 2
-11000